21 = -31792. Calculate the remainder when d is divided by 28.
25
Let p be -3 - -3 - 2 - (1 + -4). Calculate the remainder when (-4)/(-10) - 1356/(-10) is divided by (p - 0)*(4 - -42).
44
Suppose s + 0*c + 2*c = 112, 0 = -3*s - 3*c + 321. Let m = s + -93. Suppose 2*h = 3*t - m, h - 3 = 3*t - 12. What is the remainder when 43 is divided by t?
1
Let z be ((-32)/6 - -3 - -2)*-6. Suppose z*u = w + 34, -w - 14 = -u + 1. Let j = 28 - -46. What is the remainder when j is divided by u?
17
Let l(a) = -a**3 - 12*a**2 + 26*a - 10. Suppose -11*g = 8*g + 266. What is the remainder when 34 is divided by l(g)?
16
Let t be ((-7)/14)/(2 - 135/66). Let h(j) = 152 + t*j + 153 - 306 - 5*j. What is the remainder when 201 is divided by h(5)?
27
Let k(n) = -n**3 - 10*n**2 - 28*n - 20. Let h(x) = -x**3 + 8*x**2 - 6. Let y be h(8). Calculate the remainder when k(y) is divided by 3.
1
Let m(u) = -u**3 - 7*u**2 - 7*u - 2. Let w = -24569 - -24656. Calculate the remainder when w is divided by m(-7).
40
Let v(d) = -d**3 - 10*d**2 - 11*d - 13. Let c be ((-12)/(-8))/(2/(-20)). Let x be c*((-51)/15 - -4). What is the remainder when 29 is divided by v(x)?
4
Suppose 6*l = 14*l - 16. Suppose -4*a = -7 - 9. Suppose -a*j + l*j = -32. What is the remainder when 43 is divided by j?
11
Let w(x) = 3*x**3 - 27*x**2 + 3*x + 18. Let z be w(10). What is the remainder when (0 + -1)/((-6)/z) is divided by 28?
2
Suppose 0 = 19*l - 16*l - 2970. Suppose -8*b + l = -19*b. Calculate the remainder when 3 - 1 - (19 + b) is divided by 15.
13
Let x(j) = 185*j + 573. What is the remainder when (-6)/9*(-924)/8 is divided by x(-3)?
5
Suppose 346 = 4*b - 2*q, -259*b - 5*q + 545 = -254*b. Let y = -16 - -30. What is the remainder when b is divided by y?
10
Let v = 276 + -281. Calculate the remainder when 26*(-87)/(-6) + v - -2 is divided by 75.
74
Let h = 4060 + -4032. Suppose 0 = -4*w - 0*w + 44. What is the remainder when h is divided by w?
6
Let b be (-32)/2 - (4 + -2). Calculate the remainder when 6 is divided by 3 - (6/4 - (-27)/b).
0
Let i = 142869 + -73137. Calculate the remainder when i is divided by 14.
12
Suppose 3*b = -5*h - 3, 1 = -2*b - 2*h + 3. Suppose -b*a - 14 = -m - 7*a, -a = -m + 18. Calculate the remainder when 58 is divided by m.
7
Suppose 0 = -6*h - 2244 + 2958. Calculate the remainder when 584 is divided by h.
108
Suppose 7*u - 27 = 4*u + 5*d, -19 = -u + 5*d. Suppose -u*p = -2*v + 8, 3*v - 2*v + 4 = 4*p. Calculate the remainder when 20 is divided by v.
8
Let j(d) be the second derivative of -d**5/20 + 19*d**4/6 - 50*d**3/3 - 51*d**2/2 + 3*d + 18. Calculate the remainder when j(35) is divided by 21.
19
Let v = 387 + -332. Suppose 50*a = v*a - 825. Calculate the remainder when a is divided by 43.
36
Suppose -g - 2 = 3*q, 60*q - 63*q = 5*g - 26. What is the remainder when 325 is divided by g?
3
Suppose 5*a - 4*a - 4*g - 93 = 0, 514 = 6*a - 2*g. Let c = 94 - 154. Let n = c + a. What is the remainder when n is divided by 14?
11
Let p = 42 - -170. Let t = p + -123. What is the remainder when t is divided by 19?
13
Suppose -3*v = 18, 355*v - 360*v = -w + 50. What is the remainder when 436 is divided by w?
16
Calculate the remainder when 1354 is divided by 5/(105/(-6)) - 49959/(-441).
111
Suppose 2*c = 4*m - 490, c + 166 = -m - 91. Let g = -360 - c. Let x = 122 + g. What is the remainder when 85 is divided by x?
10
Let w = -5893 - -9760. Calculate the remainder when w is divided by 215.
212
Let t(i) = 2*i**2 + 19*i - 4. Let u be t(-10). Suppose -3*r + 4 = -4*g, -u*g + 3*r = -4*g + 8. What is the remainder when 8 is divided by g?
0
Calculate the remainder when (42/11)/((-348)/(-22968)) is divided by 35.
7
Let r(w) = -3*w**3 + 71*w**2 - 300*w + 73. Let g(c) = 8*c**2 + 2*c - 3. What is the remainder when r(18) is divided by g(-3)?
55
Let k(m) = -403*m - 1. Let d be k(1). Calculate the remainder when 3/((-12)/d) - 6 is divided by 14.
11
Let k(d) = -6*d + 29. Let a(f) = -f**3 - 6*f**2 - 4*f - 3. Let g = -28 + 23. Let u be a(g). What is the remainder when k(u) is divided by 20?
17
Let j(b) = 358*b**2 - 52*b - 53. What is the remainder when j(-1) is divided by 26?
19
Suppose 5*x - 60 = -5*n, -n + 1 = -2*x + 10. Suppose -4*z = a - 15, 5*a + x*z - 75 = z. Let c = 45 - -26. What is the remainder when c is divided by a?
11
Suppose 5*g + g = 1866. Let c = g + -297. Suppose 0 = 4*n + v - 156, -3*v = -0*n + n - 39. Calculate the remainder when n is divided by c.
11
Calculate the remainder when 4/(-14) - 330252/(-364) is divided by 43.
4
Let k(z) = -3*z - 20. Let g be k(-8). Let l be g*(23/(-2) + 2). Let c = 69 + l. Calculate the remainder when c is divided by 16.
15
Suppose 123 = 3*l - 63. Suppose -h + 5*h = 3*i - 48, -15 = 5*h. Suppose 2*s - 47*w + 42*w - 22 = 0, -s + 2*w = -i. What is the remainder when l is divided by s?
14
Let t(l) be the second derivative of 23*l**3/6 - 114*l**2 - 215*l. What is the remainder when t(17) is divided by 15?
13
Let s = -5222 + 5239. Calculate the remainder when 101 is divided by s.
16
Suppose -13*g + 8*g = -3*t - 9978, 0 = 2*g + 2*t - 4004. Suppose 0 = -29*n + 47*n - g. What is the remainder when n is divided by 56?
55
Let g = 18379 - 18328. Calculate the remainder when 3773 is divided by g.
50
Suppose 12*a + 29*a - 1148 = 0. Calculate the remainder when (4*3/8)/(18/10380) is divided by a.
25
Suppose 20*d - 270 = 38*d. Let h(y) = -3*y - 21. Calculate the remainder when h(d) is divided by 12.
0
Let q = 3992 + -2812. Calculate the remainder when q is divided by 54.
46
Suppose -n = 4*i - 1303, 11*i = 13*i + 2*n - 656. Calculate the remainder when 327 is divided by i.
2
Calculate the remainder when (-9)/(520/(-65) - 375/(-47)) is divided by 140.
3
Let o = 81 - -83. Suppose -5*h + o - 74 = 0. Calculate the remainder when 36 is divided by h.
0
Let i(g) = -2*g**3 + 38*g**2 - 20*g - 140. What is the remainder when 738 is divided by i(18)?
146
Let p = -130 - -194. Suppose -2*b = 2*b - p. Let x = 875673 - 875611. What is the remainder when x is divided by b?
14
Suppose 0 = -2*g + 13*g - 22. Calculate the remainder when 57 is divided by 5 - (g - (0 + 7)).
7
Let v be ((-74)/(-4))/(1/2). Let d = v - 9. Suppose 2*x = -37*l - 80 + 296, -3*x = -4*l + 33. What is the remainder when d is divided by l?
4
Let g = -1071 + 1134. Calculate the remainder when g is divided by 3.
0
Let d = -5 + 24. Let v(i) be the first derivative of i**4/4 - 4*i**3 + 4*i**2 + 12*i - 29. What is the remainder when v(12) is divided by d?
13
Let n = 2285 + -1419. What is the remainder when n is divided by 8?
2
Let x(k) = -104*k + 1264. What is the remainder when 810 is divided by x(10)?
138
Suppose 1383 = 63*f - 5079 - 1224. What is the remainder when 310 is divided by f?
66
Let h = 35 + -31. Let b(v) = -2*v**2 - 53*v - 1. Let w(u) = -u**2 - 26*u - 1. Let z(a) = h*b(a) - 7*w(a). Calculate the remainder when z(-14) is divided by 57.
56
What is the remainder when 1252 is divided by 120/75*(6216/16 - 1/(-4))?
8
Let b(g) be the second derivative of -g**5/10 - g**4/6 - 5*g**3/2 - 67*g**2/2 - 4*g + 3. Calculate the remainder when 223 is divided by b(-3).
13
Suppose 0 = -2*q + w + 305, 566*w = 563*w + 9. What is the remainder when q is divided by 113?
41
Let g(r) = -r**2 + 81*r + 1477. Calculate the remainder when 1215 is divided by g(93).
132
Let f(g) = -2*g + 42. Let r be f(17). Suppose -r = -3*b + b. Suppose -5*t + b*i + 80 = 0, 2*t - i = 5 + 27. Calculate the remainder when 42 is divided by t.
10
Let i be ((-2)/3)/((-81)/86022). Let s = -669 + i. What is the remainder when s is divided by 24?
15
Let i(o) be the third derivative of o**5/15 + 10*o**4/3 + 8*o**3/3 - 36*o**2 + 2. Suppose -2*y + 56 = -2. Calculate the remainder when y is divided by i(-20).
13
Let l(d) = 7*d**3 - 173*d**2 - d + 15. Calculate the remainder when l(25) is divided by 36.
16
Let m be ((-3)/6 + -1)*92/(-3). Suppose 0 = m*h - 31*h - 5745. What is the remainder when h is divided by 11?
9
Suppose 19*k = 34*k - 16*k. Let o = -4 + 6. Suppose -o*v - v + 501 = k. What is the remainder when v is divided by 34?
31
Suppose 613 - 5271 = -17*y. Calculate the remainder when y is divided by 28.
22
Let j be ((-160)/(-12))/((-2)/(-3)). Calculate the remainder when 24/j*-4*-5 is divided by 18*3*(3/(-18))/(-1).
6
Let k = -10 + 22. What is the remainder when (-